{"id":146269,"date":"2025-07-02T16:17:15","date_gmt":"2025-07-02T14:17:15","guid":{"rendered":"https:\/\/metal-badge.ch\/product\/146269\/cappello-da-boscaglia-bonnie-con-sottogola-in-vari-colori-mimetici\/"},"modified":"2025-07-02T16:17:15","modified_gmt":"2025-07-02T14:17:15","slug":"cappello-da-boscaglia-bonnie-con-sottogola-in-vari-colori-mimetici","status":"publish","type":"product","link":"https:\/\/metal-badge.ch\/it\/product\/146269\/cappello-da-boscaglia-bonnie-con-sottogola-in-vari-colori-mimetici\/","title":{"rendered":"Cappello da boscaglia, Bonnie con sottogola in vari colori mimetici"},"content":{"rendered":"<p><span style=\"font-weight: 400;\">Il cappello da boscaglia o tropicale \u00e8 la protezione ideale per la testa nelle giornate calde e soleggiate. Con una tesa larga 8 cm che pu\u00f2 essere bloccata su entrambi i lati mediante automatici. Con l&#8217;aiuto del sottogola regolabile e del fermo, \u00e8 possibile adattare il cappello individualmente alla forma della testa e beneficiare cos\u00ec del massimo comfort. Su entrambi i lati, il cappello \u00e8 dotato di due occhielli di ventilazione reticolati. Sul cappello da boscaglia \u00e8 applicato un passante Molle largo 2,5 cm. Il Buschut in poliestere, traspirante ma impermeabile, \u00e8 una protezione efficace contro i raggi UV del sole e molto utile anche sotto la pioggia. Il cappello tropicale \u00e8 un compagno ideale per la pesca, la caccia, le escursioni, il campeggio, i viaggi, ecc.&nbsp;<\/span><\/p>\n<p><b>Informazioni prodotto:&nbsp;<\/b><\/p>\n<ul>\n<li><span style=\"font-weight: 400;\">Descrizione: cappello da boscaglia, cappello tropicale,<\/span> <span style=\"font-weight: 400;\">Bonnie 03<\/span><\/li>\n<li><span style=\"font-weight: 400;\">Traspirante<\/span><\/li>\n<li><span style=\"font-weight: 400;\">4 occhielli di ventilazione laterali con inserto in rete<\/span><\/li>\n<li><span style=\"font-weight: 400;\">Sottogola regolabile con cordino<\/span><\/li>\n<li><span style=\"font-weight: 400;\">falda ampia 8 cm<\/span><\/li>\n<li><span style=\"font-weight: 400;\">massimo comfort<\/span><\/li>\n<li><span style=\"font-weight: 400;\">protezione solare ideale<\/span><\/li>\n<li><span style=\"font-weight: 400;\">passante Molle perimetrale largo 2,5 m<\/span><\/li>\n<li><span style=\"font-weight: 400;\">Pu\u00f2 essere ripiegato per risparmiare spazio<\/span><\/li>\n<li><span style=\"font-weight: 400;\">tesa multi-cucita<\/span><\/li>\n<li><span style=\"font-weight: 400;\">Protezione efficace contro le radiazioni UV.<\/span><\/li>\n<li><span style=\"font-weight: 400;\">Impermeabile&nbsp;<\/span><\/li>\n<li><span style=\"font-weight: 400;\">La tesa pu\u00f2 essere fissata con due automatici verso l&#8217;alto<\/span><\/li>\n<li><span style=\"font-weight: 400;\">Materiale: nylon\/tessuto di poliestere&nbsp;<\/span><\/li>\n<li><span style=\"font-weight: 400;\">Colore: giungla&nbsp;&nbsp;<\/span><\/li>\n<li><span style=\"font-weight: 400;\">Circonferenza\/taglia: 58-62 cm&nbsp;<\/span><\/li>\n<li><span style=\"font-weight: 400;\">Peso: 85 g <\/span><\/li>\n<\/ul>\n","protected":false},"excerpt":{"rendered":"<p><span style=\"font-weight: 400;\">Il cappello da boscaglia o tropicale \u00e8 la protezione ideale per la testa nelle giornate calde e soleggiate. Con una tesa larga 8 cm che pu\u00f2 essere bloccata su entrambi i lati mediante automatici. Con l&#8217;aiuto del sottogola regolabile e del fermo, \u00e8 possibile adattare il cappello individualmente alla forma della testa e beneficiare cos\u00ec del massimo comfort. Su entrambi i lati, il cappello \u00e8 dotato di due occhielli di ventilazione reticolati. Sul cappello da boscaglia \u00e8 applicato un passante Molle largo 2,5 cm. Il Buschut in poliestere, traspirante ma impermeabile, \u00e8 una protezione efficace contro i raggi UV del sole e molto utile anche sotto la pioggia. Il cappello tropicale \u00e8 un compagno ideale per la pesca, la caccia, le escursioni, il campeggio, i viaggi, ecc.&nbsp;<\/span><\/p>\n","protected":false},"featured_media":146250,"comment_status":"closed","ping_status":"closed","template":"","meta":{"inline_featured_image":false},"product_brand":[],"product_cat":[1623],"product_tag":[],"class_list":{"0":"post-146269","1":"product","2":"type-product","3":"status-publish","4":"has-post-thumbnail","6":"product_cat-cappellini","8":"first","9":"instock","10":"taxable","11":"shipping-taxable","12":"purchasable","13":"product-type-simple"},"_links":{"self":[{"href":"https:\/\/metal-badge.ch\/it\/wp-json\/wp\/v2\/product\/146269","targetHints":{"allow":["GET"]}}],"collection":[{"href":"https:\/\/metal-badge.ch\/it\/wp-json\/wp\/v2\/product"}],"about":[{"href":"https:\/\/metal-badge.ch\/it\/wp-json\/wp\/v2\/types\/product"}],"replies":[{"embeddable":true,"href":"https:\/\/metal-badge.ch\/it\/wp-json\/wp\/v2\/comments?post=146269"}],"wp:featuredmedia":[{"embeddable":true,"href":"https:\/\/metal-badge.ch\/it\/wp-json\/wp\/v2\/media\/146250"}],"wp:attachment":[{"href":"https:\/\/metal-badge.ch\/it\/wp-json\/wp\/v2\/media?parent=146269"}],"wp:term":[{"taxonomy":"product_brand","embeddable":true,"href":"https:\/\/metal-badge.ch\/it\/wp-json\/wp\/v2\/product_brand?post=146269"},{"taxonomy":"product_cat","embeddable":true,"href":"https:\/\/metal-badge.ch\/it\/wp-json\/wp\/v2\/product_cat?post=146269"},{"taxonomy":"product_tag","embeddable":true,"href":"https:\/\/metal-badge.ch\/it\/wp-json\/wp\/v2\/product_tag?post=146269"}],"curies":[{"name":"wp","href":"https:\/\/api.w.org\/{rel}","templated":true}]}}

<p><span style="font-weight: 400;">Il cappello da boscaglia o tropicale è la protezione ideale per la testa nelle giornate calde e soleggiate. Con una tesa larga 8 cm che può essere bloccata su entrambi i lati mediante automatici. Con l&#8217;aiuto del sottogola regolabile e del fermo, è possibile adattare il cappello individualmente alla forma della testa e beneficiare così del massimo comfort. Su entrambi i lati, il cappello è dotato di due occhielli di ventilazione reticolati. Sul cappello da boscaglia è applicato un passante Molle largo 2,5 cm. Il Buschut in poliestere, traspirante ma impermeabile, è una protezione efficace contro i raggi UV del sole e molto utile anche sotto la pioggia. Il cappello tropicale è un compagno ideale per la pesca, la caccia, le escursioni, il campeggio, i viaggi, ecc.&nbsp;</span></p>
<p><b>Informazioni prodotto:&nbsp;</b></p>
<ul>
<li><span style="font-weight: 400;">Descrizione: cappello da boscaglia, cappello tropicale,</span> <span style="font-weight: 400;">Bonnie 03</span></li>
<li><span style="font-weight: 400;">Traspirante</span></li>
<li><span style="font-weight: 400;">4 occhielli di ventilazione laterali con inserto in rete</span></li>
<li><span style="font-weight: 400;">Sottogola regolabile con cordino</span></li>
<li><span style="font-weight: 400;">falda ampia 8 cm</span></li>
<li><span style="font-weight: 400;">massimo comfort</span></li>
<li><span style="font-weight: 400;">protezione solare ideale</span></li>
<li><span style="font-weight: 400;">passante Molle perimetrale largo 2,5 m</span></li>
<li><span style="font-weight: 400;">Può essere ripiegato per risparmiare spazio</span></li>
<li><span style="font-weight: 400;">tesa multi-cucita</span></li>
<li><span style="font-weight: 400;">Protezione efficace contro le radiazioni UV.</span></li>
<li><span style="font-weight: 400;">Impermeabile&nbsp;</span></li>
<li><span style="font-weight: 400;">La tesa può essere fissata con due automatici verso l&#8217;alto</span></li>
<li><span style="font-weight: 400;">Materiale: nylon/tessuto di poliestere&nbsp;</span></li>
<li><span style="font-weight: 400;">Colore: giungla&nbsp;&nbsp;</span></li>
<li><span style="font-weight: 400;">Circonferenza/taglia: 58-62 cm&nbsp;</span></li>
<li><span style="font-weight: 400;">Peso: 85 g </span></li>
</ul>

<p><span style="font-weight: 400;">Il cappello da boscaglia o tropicale è la protezione ideale per la testa nelle giornate calde e soleggiate. Con una tesa larga 8 cm che può essere bloccata su entrambi i lati mediante automatici. Con l&#8217;aiuto del sottogola regolabile e del fermo, è possibile adattare il cappello individualmente alla forma della testa e beneficiare così del massimo comfort. Su entrambi i lati, il cappello è dotato di due occhielli di ventilazione reticolati. Sul cappello da boscaglia è applicato un passante Molle largo 2,5 cm. Il Buschut in poliestere, traspirante ma impermeabile, è una protezione efficace contro i raggi UV del sole e molto utile anche sotto la pioggia. Il cappello tropicale è un compagno ideale per la pesca, la caccia, le escursioni, il campeggio, i viaggi, ecc.&nbsp;</span></p>
